{"id":26,"date":"2025-04-03T07:06:50","date_gmt":"2025-04-03T07:06:50","guid":{"rendered":"https:\/\/aepae2.grupohpublicidadyeventos.es\/?page_id=26"},"modified":"2025-04-07T11:38:07","modified_gmt":"2025-04-07T11:38:07","slug":"unete-a-nuestra-causa","status":"publish","type":"page","link":"https:\/\/aepae2.grupohpublicidadyeventos.es\/index.php\/unete-a-nuestra-causa\/","title":{"rendered":"\u00danete a nuestra causa"},"content":{"rendered":"\t\t<div data-elementor-type=\"wp-page\" data-elementor-id=\"26\" class=\"elementor elementor-26\" data-elementor-post-type=\"page\">\n\t\t\t\t<div class=\"elementor-element elementor-element-d7805e7 e-con-full e-flex e-con e-parent\" data-id=\"d7805e7\" data-element_type=\"container\" data-e-type=\"container\" data-settings=\"{&quot;background_background&quot;:&quot;classic&quot;}\">\n\t\t\t\t<div class=\"elementor-element elementor-element-d2e0aa6 elementor-widget elementor-widget-heading\" data-id=\"d2e0aa6\" data-element_type=\"widget\" data-e-type=\"widget\" data-widget_type=\"heading.default\">\n\t\t\t\t<div class=\"elementor-widget-container\">\n\t\t\t\t\t<h2 class=\"elementor-heading-title elementor-size-default\">AEPAE es una asociaci\u00f3n de utilidad p\u00fablica, sin \u00e1nimo de lucro, que no recibe ning\u00fan tipo de subvenci\u00f3n p\u00fablica y que necesita vuestro apoyo para poder desarrollar nuestra labor tan necesaria. Si eres particular, empresa, fundaci\u00f3n o cualquier otro organismo o instituci\u00f3n, puedes ayudarnos de varias maneras donando cualquier cantidad a nuestra asociaci\u00f3n. De esta manera, estar\u00e1s colaborando con la prevenci\u00f3n del acoso escolar, y ayudar\u00e1s a v\u00edctimas de acoso escolar a que recuperen su confianza \u00a1Muchas Gracias!\nAEPAE est\u00e1 acogida adem\u00e1s, al r\u00e9gimen fiscal de las entidades sin fines lucrativos y los incentivos fiscales al mecenazgo, por lo que os realizamos un certificado de donaci\u00f3n.<\/h2>\t\t\t\t<\/div>\n\t\t\t\t<\/div>\n\t\t\t\t<\/div>\n\t\t<div class=\"elementor-element elementor-element-5f2ec14 e-flex e-con-boxed e-con e-parent\" data-id=\"5f2ec14\" data-element_type=\"container\" data-e-type=\"container\">\n\t\t\t\t\t<div class=\"e-con-inner\">\n\t\t<div class=\"elementor-element elementor-element-a01ff11 e-con-full e-flex e-con e-child\" data-id=\"a01ff11\" data-element_type=\"container\" data-e-type=\"container\">\n\t\t\t\t<\/div>\n\t\t<div class=\"elementor-element elementor-element-3bfb738 e-con-full e-flex e-con e-child\" data-id=\"3bfb738\" data-element_type=\"container\" data-e-type=\"container\">\n\t\t\t\t<div class=\"elementor-element elementor-element-ff2f843 elementor-widget elementor-widget-text-editor\" data-id=\"ff2f843\" data-element_type=\"widget\" data-e-type=\"widget\" data-widget_type=\"text-editor.default\">\n\t\t\t\t<div class=\"elementor-widget-container\">\n\t\t\t\t\t\t\t\t\t<h2 align= \"center\">1\u20ac cada mes con Teaming<\/h2>\n\n\n<p align= \"center\";>\nTambi\u00e9n puedes ayudar a AEPAE de forma continua, con solo 1 \u20ac al mes, apunt\u00e1ndote en nuestro grupo de Teaming, realizando una donaci\u00f3n m\u00ednima y recurrente en el tiempo.\n\n<br><br>\nCon esa base, aunque parezca poco, podemos hacer mucho. Cuantos m\u00e1s teamers seamos, m\u00e1s ayudaremos a las familias a prevenir el acoso escolar en sus hijos; y podremos ofrecer m\u00e1s talleres y campamentos a v\u00edctimas de acoso escolar, para que puedan superarlo con confianza.\n\n<br><br>\nContamos con tu ayuda \u00a1Gracias!\n<\/p>\t\t\t\t\t\t\t\t<\/div>\n\t\t\t\t<\/div>\n\t\t\t\t<div class=\"elementor-element elementor-element-68f635c elementor-align-center elementor-widget elementor-widget-button\" data-id=\"68f635c\" data-element_type=\"widget\" data-e-type=\"widget\" data-widget_type=\"button.default\">\n\t\t\t\t<div class=\"elementor-widget-container\">\n\t\t\t\t\t\t\t\t\t<div class=\"elementor-button-wrapper\">\n\t\t\t\t\t<a class=\"elementor-button elementor-button-link elementor-size-sm\" href=\"\" target=\"_blank\">\n\t\t\t\t\t\t<span class=\"elementor-button-content-wrapper\">\n\t\t\t\t\t\t\t\t\t<span class=\"elementor-button-text\">Hazte teamer de AEPAE<\/span>\n\t\t\t\t\t<\/span>\n\t\t\t\t\t<\/a>\n\t\t\t\t<\/div>\n\t\t\t\t\t\t\t\t<\/div>\n\t\t\t\t<\/div>\n\t\t\t\t<div class=\"elementor-element elementor-element-b74a54a elementor-widget elementor-widget-image\" data-id=\"b74a54a\" data-element_type=\"widget\" data-e-type=\"widget\" data-widget_type=\"image.default\">\n\t\t\t\t<div class=\"elementor-widget-container\">\n\t\t\t\t\t\t\t\t\t\t\t\t\t\t\t<img fetchpriority=\"high\" decoding=\"async\" width=\"610\" height=\"407\" src=\"https:\/\/aepae2.grupohpublicidadyeventos.es\/wp-content\/uploads\/2025\/04\/AEPAE-Campamentos-04-610x407-1.jpg\" class=\"attachment-large size-large wp-image-982\" alt=\"\" srcset=\"https:\/\/aepae2.grupohpublicidadyeventos.es\/wp-content\/uploads\/2025\/04\/AEPAE-Campamentos-04-610x407-1.jpg 610w, https:\/\/aepae2.grupohpublicidadyeventos.es\/wp-content\/uploads\/2025\/04\/AEPAE-Campamentos-04-610x407-1-300x200.jpg 300w\" sizes=\"(max-width: 610px) 100vw, 610px\" \/>\t\t\t\t\t\t\t\t\t\t\t\t\t\t\t<\/div>\n\t\t\t\t<\/div>\n\t\t\t\t<\/div>\n\t\t\t\t\t<\/div>\n\t\t\t\t<\/div>\n\t\t<div class=\"elementor-element elementor-element-229258a e-flex e-con-boxed e-con e-parent\" data-id=\"229258a\" data-element_type=\"container\" data-e-type=\"container\">\n\t\t\t\t\t<div class=\"e-con-inner\">\n\t\t\t\t<div class=\"elementor-element elementor-element-fd42cc5 elementor-widget elementor-widget-text-editor\" data-id=\"fd42cc5\" data-element_type=\"widget\" data-e-type=\"widget\" data-widget_type=\"text-editor.default\">\n\t\t\t\t<div class=\"elementor-widget-container\">\n\t\t\t\t\t\t\t\t\t<p>Si formas parte de una <b>empresa, fundaci\u00f3n o asociaci\u00f3n, o eres una persona comprometida <\/b> con la prevenci\u00f3n del acoso escolar, puedes apadrinar un colegio para que pueda formar parte del Plan Nacional, y para que sus alumnos puedan recibir la formaci\u00f3n integral que impartimos.<br \/><br \/><\/p><p>Para ello puedes hacer una aportaci\u00f3n econ\u00f3mica y <b>elegir el centro escolar que desees<\/b> o lo escogemos nosotros por sus necesidades especiales. Como contraprestaci\u00f3n, <b>formar\u00e1s parte de las entidades colaboradoras del Plan Nacional contra el Acoso Escolar<\/b> y podr\u00e1s colocar publicidad corporativa de tu apadrinamiento en el centro escolar.<br \/><br \/><\/p><p>Cuantos m\u00e1s apadrinamientos consigamos, <b>a m\u00e1s ni\u00f1os y adolescentes podremos llegar<\/b>, y ayudarles a prevenir el acoso escolar en sus centros educativos. Ay\u00fadanos para que todos los centros escolares de Espa\u00f1a puedan recibir la formaci\u00f3n integral del Plan Nacional contra el acoso escolar.<\/p>\t\t\t\t\t\t\t\t<\/div>\n\t\t\t\t<\/div>\n\t\t\t\t<div class=\"elementor-element elementor-element-0c55b0d elementor-widget__width-auto elementor-widget-divider--view-line elementor-widget elementor-widget-divider\" data-id=\"0c55b0d\" data-element_type=\"widget\" data-e-type=\"widget\" data-widget_type=\"divider.default\">\n\t\t\t\t<div class=\"elementor-widget-container\">\n\t\t\t\t\t\t\t<div class=\"elementor-divider\">\n\t\t\t<span class=\"elementor-divider-separator\">\n\t\t\t\t\t\t<\/span>\n\t\t<\/div>\n\t\t\t\t\t\t<\/div>\n\t\t\t\t<\/div>\n\t\t\t\t<div class=\"elementor-element elementor-element-b25a8b9 elementor-align-center elementor-widget elementor-widget-button\" data-id=\"b25a8b9\" data-element_type=\"widget\" data-e-type=\"widget\" data-widget_type=\"button.default\">\n\t\t\t\t<div class=\"elementor-widget-container\">\n\t\t\t\t\t\t\t\t\t<div class=\"elementor-button-wrapper\">\n\t\t\t\t\t<a class=\"elementor-button elementor-button-link elementor-size-sm elementor-animation-grow\" href=\"\" target=\"_blank\">\n\t\t\t\t\t\t<span class=\"elementor-button-content-wrapper\">\n\t\t\t\t\t\t\t\t\t<span class=\"elementor-button-text\">Ponte en contacto con nosotros<\/span>\n\t\t\t\t\t<\/span>\n\t\t\t\t\t<\/a>\n\t\t\t\t<\/div>\n\t\t\t\t\t\t\t\t<\/div>\n\t\t\t\t<\/div>\n\t\t\t\t\t<\/div>\n\t\t\t\t<\/div>\n\t\t\t\t<\/div>\n\t\t","protected":false},"excerpt":{"rendered":"<p>AEPAE es una asociaci\u00f3n de utilidad p\u00fablica, sin \u00e1nimo de lucro, que no recibe ning\u00fan tipo de subvenci\u00f3n p\u00fablica y que necesita vuestro apoyo para poder desarrollar nuestra labor tan necesaria. Si eres particular, empresa, fundaci\u00f3n o cualquier otro organismo o instituci\u00f3n, puedes ayudarnos de varias maneras donando cualquier cantidad a nuestra asociaci\u00f3n. De esta [&hellip;]<\/p>\n","protected":false},"author":1,"featured_media":0,"parent":0,"menu_order":0,"comment_status":"closed","ping_status":"closed","template":"","meta":{"footnotes":""},"class_list":["post-26","page","type-page","status-publish","hentry"],"_links":{"self":[{"href":"https:\/\/aepae2.grupohpublicidadyeventos.es\/index.php\/wp-json\/wp\/v2\/pages\/26","targetHints":{"allow":["GET"]}}],"collection":[{"href":"https:\/\/aepae2.grupohpublicidadyeventos.es\/index.php\/wp-json\/wp\/v2\/pages"}],"about":[{"href":"https:\/\/aepae2.grupohpublicidadyeventos.es\/index.php\/wp-json\/wp\/v2\/types\/page"}],"author":[{"embeddable":true,"href":"https:\/\/aepae2.grupohpublicidadyeventos.es\/index.php\/wp-json\/wp\/v2\/users\/1"}],"replies":[{"embeddable":true,"href":"https:\/\/aepae2.grupohpublicidadyeventos.es\/index.php\/wp-json\/wp\/v2\/comments?post=26"}],"version-history":[{"count":82,"href":"https:\/\/aepae2.grupohpublicidadyeventos.es\/index.php\/wp-json\/wp\/v2\/pages\/26\/revisions"}],"predecessor-version":[{"id":1217,"href":"https:\/\/aepae2.grupohpublicidadyeventos.es\/index.php\/wp-json\/wp\/v2\/pages\/26\/revisions\/1217"}],"wp:attachment":[{"href":"https:\/\/aepae2.grupohpublicidadyeventos.es\/index.php\/wp-json\/wp\/v2\/media?parent=26"}],"curies":[{"name":"wp","href":"https:\/\/api.w.org\/{rel}","templated":true}]}}